at are the prime factors of g?
3
Suppose -46*l + 58934 = -27270. List the prime factors of l.
2, 937
Suppose -4082 - 247 = -9*p. What are the prime factors of p?
13, 37
Suppose -w + 1 = 0, -4*z = -5*z + 2*w + 140. Suppose -z - 140 = -3*c. What are the prime factors of c?
2, 47
Suppose 29*n = 32*n - 1092. Suppose 3*l - 2*o - 224 = 0, -5*l = -4*o - 6 - n. What are the prime factors of l?
2, 3, 13
Suppose 0 = 3*t - 12, z + 172 = 4*z + t. Suppose 64*s - 1752 = z*s. List the prime factors of s.
3, 73
Let t = 16 - 6. Suppose g + 4*g + t = 0. What are the prime factors of (4/g)/((-8)/68)?
17
Let t(i) = 9*i**2 + 4. Let n(h) = -7*h - 24. Let b be n(-3). List the prime factors of t(b).
5, 17
Let r = 4 - 1. Suppose r*s - 2*f - 724 = 0, -4*f = -5*f + 1. What are the prime factors of s?
2, 11
Let o(z) = z**3 - 8*z**2 + z - 8. Let t be o(8). Suppose t = -n - n + 118. What are the prime factors of n?
59
Suppose 6*m + 2*a = -a + 23244, -19379 = -5*m + 2*a. List the prime factors of m.
5, 31
Let i(l) = 166*l - 262. What are the prime factors of i(10)?
2, 3, 233
Let v(h) = 2*h**2 + 9*h + 42. List the prime factors of v(-9).
3, 41
Let o(l) = -18*l + 84. List the prime factors of o(-60).
2, 3, 97
Let p(r) = r. Let i be p(2). Suppose i*a + 11 = -c - 19, c - 3*a + 20 = 0. Let t = -19 - c. What are the prime factors of t?
7
Suppose 4*x + 8 = 0, -4*x = y - 0*x + 4. Let w = 42 - y. List the prime factors of w.
2, 19
Let u = -88 - -53. Let b = u - -34. What are the prime factors of -1 + (3 - 2/b)?
2
Let h = -17 - -13. Let j(y) = -y**3 - 3*y**2 - 2*y - 2. List the prime factors of j(h).
2, 11
Suppose -114 = 4*i + 2*i. Let y = -25 - i. List the prime factors of 2/(-6) - 50/y.
2
Suppose -2*p + 15 = 5*a, p + 26 = a + 6*p. List the prime factors of ((0 - -13)/(-1))/(a/(-3)).
3, 13
Let c = 39 - -566. What are the prime factors of c?
5, 11
Let o be 2 + 6*8/(-12). Let d be 66/(-9)*3/o. Let l = d + 15. What are the prime factors of l?
2, 13
Let n = 1027 + -28. List the prime factors of n.
3, 37
Suppose -19 = -5*j - b, -2*j - 3*j + 5*b = 5. Suppose 0 = -w + 3*q + 267, -j*w - q + 1039 - 198 = 0. What are the prime factors of w?
3, 31
Suppose -908 = 58*v - 62*v. Let t = -148 + v. List the prime factors of t.
79
Suppose 4*p - i - 4117 = 0, -7*p = -9*p - 3*i + 2041. List the prime factors of p.
2, 257
Let y(s) = -s**2 + 4*s + 10. Let v be y(5). Suppose 0 = -8*z + v*z + 573. What are the prime factors of z?
191
What are the prime factors of 387075/100 - ((-15)/12 + 2)?
2, 3, 5, 43
Let s = -757 + 1261. List the prime factors of s.
2, 3, 7
Let f(l) = 32*l**2 - 6*l + 63. What are the prime factors of f(5)?
7, 17
Suppose -24 = -l + 2*z + 207, -l + 227 = -4*z. List the prime factors of l.
5, 47
Let m(q) = 29*q - 24. Let f be m(10). Suppose -12 = 3*r, 3*p - r + 5*r - f = 0. What are the prime factors of p?
2, 47
Let o = 73 + -20. What are the prime factors of (o*-20)/(-4) - 4?
3, 29
Suppose 1727*s + 67500 = 1742*s. List the prime factors of s.
2, 3, 5
Let a be 2/(-1 - (-24)/20). Let b(m) = 0*m + 0*m - 3 + 3*m. List the prime factors of b(a).
3
Let z(a) = -a. Let p be z(-5). Suppose 2*y - 625 = -5*d, -2*d + 182 = -p*y - 39. List the prime factors of d.
3, 41
Suppose 4320 = -69*d + 78*d. List the prime factors of d.
2, 3, 5
Let i = 0 + 5. Suppose 5 - 25 = -4*t, -31 = -2*f - i*t. Suppose 0 = -f*v + 2*v + 16. What are the prime factors of v?
2
Let w(p) = p**3 - 19*p**2 - 19*p - 1. Let k be w(20). Let b = k + 8. List the prime factors of b.
3
List the prime factors of 2100/(-9)*(-45)/6.
2, 5, 7
Let r(z) = 1713*z + 32. What are the prime factors of r(1)?
5, 349
Suppose -5*w = -10*w + 2110. List the prime factors of w.
2, 211
Suppose 7*m = 2*s + 10*m - 545, -5*m - 15 = 0. List the prime factors of s.
277
Suppose 0 = b + 3*p - 3, 9*b - 4*b + 3*p = 3. Suppose 5*d + b*w = 2*w + 255, -2*d + 5*w = -123. What are the prime factors of d?
7
Let s(g) = 2*g + 1. Let j be s(-4). Let h(d) be the first derivative of -2*d**2 - 10*d + 36. List the prime factors of h(j).
2, 3
Let z = 934 + -535. List the prime factors of z.
3, 7, 19
Let c = 2 + 0. Suppose -3*z + 25 = c*z. Suppose z*m - 140 = -5. What are the prime factors of m?
3
Let g(b) be the third derivative of b**5/20 + 5*b**4/24 + b**3/6 - 6*b**2. List the prime factors of g(-6).
79
Suppose p = -5*y + 363, -2*p - 2*p - y = -1471. What are the prime factors of p?
2, 23
Suppose 0 = 3*u - 8*u - 5. List the prime factors of ((420/18)/(-7))/(u/33).
2, 5, 11
Let z(j) = j**3 - 3*j**2 + 2*j + 4. Let o be z(4). Let s be (-8)/o - (-5)/(-7). Let y = 7 - s. List the prime factors of y.
2
Let g = -86 - -101. Suppose 9*q - g = 4*q + 5*x, 43 = 5*q + 2*x. What are the prime factors of q?
7
Suppose 63 + 1 = 16*q. Suppose 0 = -4*c + 66 - 6. Suppose 4*h = -4*n + 65 + c, -q*n = 5*h - 102. List the prime factors of h.
2, 11
Let i(y) = 123*y - 67. List the prime factors of i(5).
2, 137
Suppose -2*h + 6*h = 2*y + 238, 0 = 3*y - 15. Let d(t) = t - 62 + 21*t**2 + 2*t**2 + h. List the prime factors of d(-1).
2, 11
Suppose 57821 - 1787 = 99*i. What are the prime factors of i?
2, 283
Suppose 0 = 3*i - i - 172. Let j = -66 + i. List the prime factors of j.
2, 5
Let x(z) = -20*z + 10. Let l be x(-7). Suppose d + 2*d - l = 0. List the prime factors of d.
2, 5
Let z(s) = 59*s**2 + 4*s + 12. Let a(d) = d. Let h be a(-2). List the prime factors of z(h).
2, 3, 5
Let v(d) = -d**2 - 18*d - 7. Suppose -4*z - k - 45 = z, 0 = z - k + 9. List the prime factors of v(z).
2, 37
Suppose 4*g - g = 0. Suppose g = -2*j - 2*j - 4, 7 = n - 4*j. What are the prime factors of n?
3
Suppose 12 + 12 = 8*f. Suppose -f*u = 3*t - 216, -t - 3*u - 149 = -3*t. What are the prime factors of t?
73
Let u(v) = -v**3 + 8*v**2 - 3*v + 3. Suppose -2*l = -7*l + 50. Let d = 16 - l. List the prime factors of u(d).
3, 19
Suppose -35 - 61 = -4*v. Suppose -5*y + v = -3*k, -4*y + 0 + 6 = 2*k. Suppose -3*i + 2*w + 71 = 0, y*i - 6*i - 3*w = -66. What are the prime factors of i?
23
Let o(p) = p**2 - 11*p + 20. Suppose 4*b + 75 = 9*b. What are the prime factors of o(b)?
2, 5
Let g = -2 - -7. Let n(i) = 5 - 2*i - i - i + g*i. What are the prime factors of n(10)?
3, 5
Suppose 0*n + 4*n = -g + 379, 5*n - 1970 = -5*g. List the prime factors of g.
3, 7, 19
Let h be (9/12)/(3/8). List the prime factors of ((-18)/30)/((-1)/25) - h.
13
Let k(v) = 16*v**2 + 8*v - 17. Let w be 4*4/(-16) + 6 + -2. List the prime factors of k(w).
151
Let k(z) = 3*z. Let h be (20/(-8))/(1/(-2)). Suppose -c + h = -0*c. What are the prime factors of k(c)?
3, 5
Suppose m - 19 + 23 = 0, -4*j + 5488 = 5*m. What are the prime factors of j?
3, 17
Suppose -8*l = -30*l + 11022. List the prime factors of l.
3, 167
Let t = 430 - 196. List the prime factors of t.
2, 3, 13
Suppose -11*f = -7*f - 24. Suppose 0*u = f*u. Suppose u = y - z - 44, -3*y - y = 5*z - 221. List the prime factors of y.
7
Let a = 380 - 266. What are the prime factors of (-4 - 54/(-14)) + a/14?
2
Let m(t) = -7*t**3 + 2*t**2 + 2*t + 1. Let d be m(-1). Suppose -d*u - 80 + 576 = 0. What are the prime factors of u?
2, 31
Let b = -159 + 517. Let l = -180 + b. List the prime factors of l.
2, 89
Let w = -1720 - -3259. What are the prime factors of w?
3, 19
Let d(p) = p - 5. Let n be d(8). Suppose -3*h = -5*z - 64, -h + n*h = 3*z + 42. Suppose 19 = y - h. List the prime factors of y.
37
What are the prime factors of ((-90)/(-35))/(-9) - (-3602)/14?
257
Let i(r) = 4*r - 1. Let u be i(4). Let s(n) = n**2 + 8*n - 2. Let k be s(-7). Let q = k + u. What are the prime factors of q?
2, 3
Suppose 0 = 4*d + f - 2492, -f = -d - 88 + 706. List the prime factors of d.
2, 311
Let z be 97/(-9) + (-5)/((-135)/(-6)). Let a = z - -26. List the prime factors of a.
3, 5
Let m = -3 - 14. Let z = m + 22. Suppose z*r - 15 = -5. What are the prime factors of r?
2
List the prime factors of (-5)/(-10)*2*8*8.
2
Let l(k) = -k + 14. Let u be l(7). Let f = -1 + u. List the prime factors of (-54)/f*2/(-6).
3
Suppose 367 = i - 3*k - 0*k, 3*k = -15. What are the prime factors of i?
2, 11
Suppose -40*c = -35*c - 455. Suppose -23 + c = 2*b. Suppose 2*g - b = 38. What are the prime factors of g?
2, 3
Let m(h) = h**3 + 14*h**2 - 8*h + 4. Suppose 2*a - 60 = 6*a. Let w be m(a). Let v = w + 141. What are the prime factors of v?
2, 5
Let l(v) = -v